s of 853212130?
2, 5, 85321213
List the prime factors of 52975844.
2, 13243961
List the prime factors of 1283860887.
3, 3697, 115757
List the prime factors of 7174139004.
2, 3, 66427213
List the prime factors of 583943023.
10627, 54949
What are the prime factors of 38430151?
5669, 6779
What are the prime factors of 1042943177?
59, 127, 181, 769
What are the prime factors of 78454494?
2, 3, 109, 1481
List the prime factors of 57304137.
3, 11, 1009, 1721
What are the prime factors of 1082769972?
2, 3, 90230831
List the prime factors of 61906183.
61906183
List the prime factors of 1125172942.
2, 67, 8396813
List the prime factors of 318559245.
3, 5, 1201, 17683
What are the prime factors of 1036929274?
2, 518464637
What are the prime factors of 30706165?
5, 7, 17, 51607
List the prime factors of 2001033869.
2001033869
List the prime factors of 360358634.
2, 223, 827, 977
List the prime factors of 26673598.
2, 7, 1905257
What are the prime factors of 19788103?
4013, 4931
What are the prime factors of 40242763?
11, 47, 77839
What are the prime factors of 5059537336?
2, 7, 1553, 8311
What are the prime factors of 650091083?
650091083
List the prime factors of 2618187746.
2, 131, 9993083
What are the prime factors of 136704612?
2, 3, 11, 1035641
What are the prime factors of 50498316?
2, 3, 11, 4723
List the prime factors of 895467594.
2, 3, 7, 47, 453631
What are the prime factors of 120712780?
2, 5, 71, 85009
List the prime factors of 45881054.
2, 31, 499, 1483
What are the prime factors of 55376194?
2, 73, 379289
What are the prime factors of 328411422?
2, 3, 163, 12437
List the prime factors of 271771008.
2, 3, 43, 109, 151
List the prime factors of 2232318868.
2, 13, 457, 93937
List the prime factors of 1683974226.
2, 3, 11, 167, 152783
What are the prime factors of 4900240265?
5, 487, 2012419
What are the prime factors of 4228752889?
4228752889
What are the prime factors of 93280319?
11, 1667, 5087
What are the prime factors of 29062287?
3, 1076381
What are the prime factors of 75912611?
75912611
List the prime factors of 8056874.
2, 7, 19, 4327
What are the prime factors of 4795449370?
2, 5, 2137, 224401
What are the prime factors of 86655552?
2, 3, 451331
List the prime factors of 3459849236.
2, 4751, 182059
What are the prime factors of 133487767?
7, 31, 615151
List the prime factors of 56036639.
601, 93239
List the prime factors of 5436099.
3, 201337
What are the prime factors of 219102260?
2, 5, 13, 842701
What are the prime factors of 11456576?
2, 23, 43, 181
What are the prime factors of 57328023?
3, 19109341
What are the prime factors of 929746434?
2, 3, 23, 37, 182089
What are the prime factors of 1292914397?
151, 277, 30911
What are the prime factors of 7514562986?
2, 7, 536754499
What are the prime factors of 1238737855?
5, 247747571
What are the prime factors of 21407334?
2, 3, 13, 274453
What are the prime factors of 85188173?
7, 17, 715867
List the prime factors of 289793924.
2, 7, 113, 91591
List the prime factors of 32617529.
7, 4659647
List the prime factors of 49599196.
2, 19, 652621
What are the prime factors of 71903507?
13, 5531039
List the prime factors of 57776586.
2, 3, 7, 196519
What are the prime factors of 242179508?
2, 60544877
What are the prime factors of 149720073?
3, 49906691
What are the prime factors of 161612562?
2, 3, 103, 261509
What are the prime factors of 689380702?
2, 17, 23, 79, 11159
List the prime factors of 727440227.
71, 10245637
What are the prime factors of 19216673?
7, 392177
List the prime factors of 293559177.
3, 19, 5150161
List the prime factors of 232521760.
2, 5, 127, 11443
List the prime factors of 354288836.
2, 11, 8052019
What are the prime factors of 160976002?
2, 11, 7317091
What are the prime factors of 97225777?
11, 29, 67, 4549
What are the prime factors of 37355720?
2, 5, 933893
List the prime factors of 1569481904.
2, 47, 2087077
What are the prime factors of 148930978?
2, 7, 2969, 3583
What are the prime factors of 40319642?
2, 11, 1832711
List the prime factors of 33348318.
2, 3, 29, 191657
What are the prime factors of 5977049?
13, 257, 1789
What are the prime factors of 207985750?
2, 5, 7, 157, 757
List the prime factors of 2425175945.
5, 12329, 39341
What are the prime factors of 75995038?
2, 7, 97, 107, 523
List the prime factors of 27784526.
2, 7, 11, 180419
List the prime factors of 104041151.
37, 67, 41969
What are the prime factors of 82147483?
11, 773, 9661
List the prime factors of 32824716.
2, 3, 317, 8629
What are the prime factors of 17447719?
19, 918301
What are the prime factors of 492185660?
2, 5, 24609283
List the prime factors of 43369772.
2, 37, 181, 1619
What are the prime factors of 116460545?
5, 23292109
List the prime factors of 2430960017.
1061, 2291197
What are the prime factors of 29206644?
2, 3, 491, 4957
List the prime factors of 2760871588.
2, 43, 313, 51283
What are the prime factors of 870123347?
109, 7982783
What are the prime factors of 3955861?
7, 13, 29, 1499
List the prime factors of 181956703.
23, 7911161
List the prime factors of 3452868104.
2, 7, 199, 44263
List the prime factors of 164394327.
3, 19, 139, 20749
List the prime factors of 1298935756.
2, 11827, 27457
What are the prime factors of 321298502?
2, 7, 22949893
List the prime factors of 248250021.
3, 101, 819307
What are the prime factors of 339587018?
2, 169793509
List the prime factors of 1069626689.
17, 62919217
What are the prime factors of 180380977?
7, 1559, 16529
List the prime factors of 692980473.
3, 230993491
List the prime factors of 69459259.
659, 105401
List the prime factors of 638986161.
3, 11, 23, 841879
What are the prime factors of 906291471?
3, 17, 23, 479, 1613
List the prime factors of 4042872057.
3, 7, 73, 107, 503
What are the prime factors of 169983845?
5, 571, 59539
What are the prime factors of 273258849?
3, 139, 613, 1069
List the prime factors of 13394575.
5, 535783
List the prime factors of 164130940.
2, 5, 157, 167, 313
What are the prime factors of 17942995?
5, 7, 512657
What are the prime factors of 1137462992?
2, 71091437
List the prime factors of 410964346.
2, 13, 15806321
What are the prime factors of 586933239?
3, 59, 3316007
What are the prime factors of 61741596?
2, 3, 7, 735019
What are the prime factors of 790717264?
2, 49419829
What are the prime factors of 916583886?
2, 3, 50921327
What are the prime factors of 1397357672?
2, 89, 1962581
List the prime factors of 28345463.
1567, 18089
What are the prime factors of 108961128?
2, 3, 61, 24809
List the prime factors of 1332055869.
3, 29, 15310987
List the prime factors of 497571116.
2, 7, 37, 331, 1451
List the prime factors of 1827105885.
3, 5, 11, 859, 4297
List the prime factors of 4423446805.
5, 884689361
What are the prime factors of 41570832?
2, 3, 37, 89, 263
List the prime factors of 114774376.
2, 47, 383, 797
List the prime factors of 22013248.
2, 19, 43, 421
List the prime factors of 922062402.
2, 3, 51225689
List the prime factors of 4071877718.
2, 7253, 280703
What are the prime factors of 45043666?
2, 41, 549313
List the prime factors of 2715177424.
2, 3539, 47951
What are the prime factors of 748390894?
2, 374195447
What are the prime factors of 2046061762?
2, 89, 967, 11887
List the prime factors of 79308308.
2, 509, 38953
List the prime factors of 5326249237.
113, 6089, 7741
What are the prime factors of 106533983?
311, 342553
What are the prime factors of 3267197822?
2, 7, 4019, 58067
List the prime factors of 8469811795.
5, 751, 2255609
List the prime factors of 805422000.
2, 3, 5, 241, 557
What are the prime factors of 197346576?
2, 3, 7, 587341
What are the prime factors of 496086002?
2, 248043001
List the prime factors of 40182034.
2, 719, 27943
What are the prime factors of 18571967?
71, 261577
What are the prime factors of 18235940?
2, 5, 113, 8069
List the prime factors of 81593429.
19, 337, 12743
What are the prime factors of 372501448?
2, 11, 293, 14447
What are the prime factors of 48071034?
2, 3, 11, 107, 2269
List the prime factors of 254299694.
2, 11, 2531, 4567
List the prime factors of 40763715.
3, 5, 2717581
List the prime factors of 1451762646.
2, 3, 43, 5626987
List the prime factors of 214659151.
7, 409, 10711
What are the prime factors of 680839476?
2, 